CRAN Package Check Results for Package pvaluefunctions

Last updated on 2020-06-02 12:48:52 CEST.

Flavor Version Tinstall Tcheck Ttotal Status Flags
r-devel-linux-x86_64-debian-clang 1.5.0 6.68 61.46 68.14 WARN
r-devel-linux-x86_64-debian-gcc 1.5.0 4.56 45.67 50.23 WARN
r-devel-linux-x86_64-fedora-clang 1.5.0 108.16 OK
r-devel-linux-x86_64-fedora-gcc 1.5.0 97.02 OK
r-devel-windows-ix86+x86_64 1.5.0 19.00 101.00 120.00 OK
r-patched-linux-x86_64 1.5.0 6.29 58.71 65.00 WARN
r-patched-solaris-x86 1.5.0 138.80 OK
r-release-linux-x86_64 1.5.0 6.86 60.95 67.81 WARN
r-release-osx-x86_64 1.5.0 OK
r-release-windows-ix86+x86_64 1.5.0 14.00 73.00 87.00 OK
r-oldrel-osx-x86_64 1.5.0 OK
r-oldrel-windows-ix86+x86_64 1.5.0 12.00 81.00 93.00 OK

Check Details

Version: 1.5.0
Check: re-building of vignette outputs
Result: WARN
    Error(s) in re-building vignettes:
     ...
    --- re-building 'pvaluefun.Rmd' using rmarkdown
    Warning in file(file, "rt") :
     URL 'https://stats.idre.ucla.edu/stat/data/binary.csv': status was 'SSL peer certificate or SSH remote key was not OK'
    Quitting from lines 316-353 (pvaluefun.Rmd)
    Error: processing vignette 'pvaluefun.Rmd' failed with diagnostics:
    cannot open the connection to 'https://stats.idre.ucla.edu/stat/data/binary.csv'
    --- failed re-building 'pvaluefun.Rmd'
    
    SUMMARY: processing the following file failed:
     'pvaluefun.Rmd'
    
    Error: Vignette re-building failed.
    Execution halted
Flavors: r-devel-linux-x86_64-debian-clang, r-devel-linux-x86_64-debian-gcc, r-patched-linux-x86_64, r-release-linux-x86_64