CRAN Package Check Results for Package pyMTurkR

Last updated on 2020-07-13 12:49:05 CEST.

Flavor Version Tinstall Tcheck Ttotal Status Flags
r-devel-linux-x86_64-debian-clang 1.1.4 12.30 67.18 79.48 OK
r-devel-linux-x86_64-debian-gcc 1.1.4 10.58 50.32 60.90 OK
r-devel-linux-x86_64-fedora-clang 1.1.4 105.39 OK
r-devel-linux-x86_64-fedora-gcc 1.1.4 103.45 OK
r-devel-windows-ix86+x86_64 1.1.4 25.00 84.00 109.00 OK
r-patched-linux-x86_64 1.1.4 13.19 67.02 80.21 OK
r-patched-solaris-x86 1.1.4 118.40 OK
r-release-linux-x86_64 1.1.4 12.99 68.66 81.65 OK
r-release-macos-x86_64 1.1.4 ERROR
r-release-windows-ix86+x86_64 1.1.4 26.00 74.00 100.00 OK
r-oldrel-macos-x86_64 1.1.4 OK
r-oldrel-windows-ix86+x86_64 1.1.4 23.00 76.00 99.00 OK

Check Details

Version: 1.1.4
Check: whether package can be installed
Result: ERROR
    Installation failed.
Flavor: r-release-macos-x86_64