CRAN Package Check Results for Package qeML

Last updated on 2025-01-19 05:49:17 CET.

Flavor Version Tinstall Tcheck Ttotal Status Flags
r-devel-linux-x86_64-debian-clang 1.1 14.78 140.13 154.91 OK
r-devel-linux-x86_64-debian-gcc 1.1 9.72 100.12 109.84 OK
r-devel-linux-x86_64-fedora-clang 1.1 253.93 NOTE
r-devel-linux-x86_64-fedora-gcc 1.1 263.13 OK
r-devel-windows-x86_64 1.1 15.00 153.00 168.00 OK
r-patched-linux-x86_64 1.1 13.26 129.85 143.11 OK
r-release-linux-x86_64 1.1 13.04 129.60 142.64 OK
r-release-macos-arm64 1.1 80.00 OK
r-release-macos-x86_64 1.1 114.00 OK
r-release-windows-x86_64 1.1 16.00 161.00 177.00 OK
r-oldrel-macos-arm64 1.1 83.00 OK
r-oldrel-macos-x86_64 1.1 148.00 OK
r-oldrel-windows-x86_64 1.1 21.00 181.00 202.00 OK

Check Details

Version: 1.1
Check: whether startup messages can be suppressed
Result: NOTE OMP: Warning #96: Cannot form a team with 24 threads, using 2 instead. OMP: Hint Consider unsetting KMP_DEVICE_THREAD_LIMIT (KMP_ALL_THREADS), KMP_TEAMS_THREAD_LIMIT, and OMP_THREAD_LIMIT (if any are set). It looks like this package (or a package it requires) has a startup message which cannot be suppressed: see ?packageStartupMessage. Flavor: r-devel-linux-x86_64-fedora-clang