Last updated on 2024-04-17 13:57:39 CEST.
Flavor | Version | Tinstall | Tcheck | Ttotal | Status | Flags |
---|---|---|---|---|---|---|
r-devel-linux-x86_64-debian-clang | 1.3.4 | 19.04 | 433.86 | 452.90 | OK | |
r-devel-linux-x86_64-debian-gcc | 1.3.4 | 11.48 | 346.23 | 357.71 | OK | |
r-devel-linux-x86_64-fedora-clang | 1.3.4 | 551.36 | NOTE | |||
r-devel-linux-x86_64-fedora-gcc | 1.3.4 | 585.63 | OK | |||
r-prerel-macos-arm64 | 1.3.4 | 215.00 | NOTE | |||
r-prerel-windows-x86_64 | 1.3.4 | 15.00 | 327.00 | 342.00 | NOTE | |
r-patched-linux-x86_64 | 1.3.4 | 14.67 | 434.21 | 448.88 | OK | |
r-release-linux-x86_64 | 1.3.4 | 14.54 | 453.31 | 467.85 | OK | |
r-release-macos-arm64 | 1.3.4 | 235.00 | NOTE | |||
r-release-macos-x86_64 | 1.3.4 | 375.00 | NOTE | |||
r-release-windows-x86_64 | 1.3.4 | 22.00 | 406.00 | 428.00 | NOTE | |
r-oldrel-macos-arm64 | 1.3.4 | 210.00 | NOTE | |||
r-oldrel-windows-x86_64 | 1.3.4 | 22.00 | 399.00 | 421.00 | NOTE |
Version: 1.3.4
Check: installed package size
Result: NOTE
installed size is 5.9Mb
sub-directories of 1Mb or more:
doc 5.2Mb
Flavors: r-devel-linux-x86_64-fedora-clang, r-prerel-macos-arm64, r-prerel-windows-x86_64, r-release-macos-arm64, r-release-macos-x86_64, r-release-windows-x86_64, r-oldrel-macos-arm64, r-oldrel-windows-x86_64