Last updated on 2025-01-19 05:49:17 CET.
Flavor | Version | Tinstall | Tcheck | Ttotal | Status | Flags |
---|---|---|---|---|---|---|
r-devel-linux-x86_64-debian-clang | 2.15.2 | 16.36 | 243.11 | 259.47 | NOTE | |
r-devel-linux-x86_64-debian-gcc | 2.15.2 | 10.71 | 164.92 | 175.63 | NOTE | |
r-devel-linux-x86_64-fedora-clang | 2.15.2 | 425.05 | NOTE | |||
r-devel-linux-x86_64-fedora-gcc | 2.15.2 | 418.64 | NOTE | |||
r-devel-windows-x86_64 | 2.15.2 | 17.00 | 268.00 | 285.00 | NOTE | |
r-patched-linux-x86_64 | 2.15.2 | 15.55 | 231.64 | 247.19 | NOTE | |
r-release-linux-x86_64 | 2.15.2 | 16.50 | 231.15 | 247.65 | NOTE | |
r-release-macos-arm64 | 2.15.2 | 126.00 | NOTE | |||
r-release-macos-x86_64 | 2.15.2 | 215.00 | NOTE | |||
r-release-windows-x86_64 | 2.15.2 | 18.00 | 280.00 | 298.00 | NOTE | |
r-oldrel-macos-arm64 | 2.15.2 | 130.00 | OK | |||
r-oldrel-macos-x86_64 | 2.15.2 | 305.00 | OK | |||
r-oldrel-windows-x86_64 | 2.15.2 | 21.00 | 330.00 | 351.00 | OK |
Version: 2.15.2
Check: Rd files
Result: NOTE
checkRd: (-1) qgcomp.survcurve.boot.Rd:17-19: Lost braces in \itemize; \value handles \item{}{} directly
checkRd: (-1) qgcomp.survcurve.boot.Rd:20-21: Lost braces in \itemize; \value handles \item{}{} directly
checkRd: (-1) qgcomp.survcurve.boot.Rd:22-23: Lost braces in \itemize; \value handles \item{}{} directly
checkRd: (-1) qgcomp.survcurve.boot.Rd:24-25: Lost braces in \itemize; \value handles \item{}{} directly
Flavors: r-devel-linux-x86_64-debian-clang, r-devel-linux-x86_64-debian-gcc, r-devel-linux-x86_64-fedora-clang, r-devel-linux-x86_64-fedora-gcc, r-devel-windows-x86_64, r-patched-linux-x86_64, r-release-linux-x86_64, r-release-macos-arm64, r-release-macos-x86_64, r-release-windows-x86_64