CRAN Package Check Results for Package qgisprocess

Last updated on 2025-01-19 05:49:17 CET.

Flavor Version Tinstall Tcheck Ttotal Status Flags
r-devel-linux-x86_64-debian-clang 0.4.1 5.87 79.01 84.88 OK
r-devel-linux-x86_64-debian-gcc 0.4.1 3.81 55.46 59.27 OK
r-devel-linux-x86_64-fedora-clang 0.4.1 141.36 OK
r-devel-linux-x86_64-fedora-gcc 0.4.1 146.76 OK
r-devel-windows-x86_64 0.4.1 8.00 111.00 119.00 OK
r-patched-linux-x86_64 0.4.1 6.66 74.24 80.90 NOTE
r-release-linux-x86_64 0.4.1 5.13 74.80 79.93 NOTE
r-release-macos-arm64 0.4.1 51.00 NOTE
r-release-macos-x86_64 0.4.1 84.00 NOTE
r-release-windows-x86_64 0.4.1 8.00 100.00 108.00 NOTE
r-oldrel-macos-arm64 0.4.1 57.00 NOTE
r-oldrel-macos-x86_64 0.4.1 80.00 NOTE
r-oldrel-windows-x86_64 0.4.1 9.00 118.00 127.00 NOTE

Check Details

Version: 0.4.1
Check: package dependencies
Result: NOTE Package suggested but not available for checking: ‘spDataLarge’ Flavors: r-patched-linux-x86_64, r-release-linux-x86_64, r-release-macos-arm64, r-release-macos-x86_64, r-release-windows-x86_64, r-oldrel-macos-arm64, r-oldrel-macos-x86_64, r-oldrel-windows-x86_64