CRAN Package Check Results for Package qicharts

Last updated on 2025-01-19 05:49:17 CET.

Flavor Version Tinstall Tcheck Ttotal Status Flags
r-devel-linux-x86_64-debian-clang 0.5.8 6.35 70.31 76.66 NOTE
r-devel-linux-x86_64-debian-gcc 0.5.8 4.20 50.90 55.10 NOTE
r-devel-linux-x86_64-fedora-clang 0.5.8 125.14 OK
r-devel-linux-x86_64-fedora-gcc 0.5.8 131.27 OK
r-devel-windows-x86_64 0.5.8 8.00 77.00 85.00 NOTE
r-patched-linux-x86_64 0.5.8 6.37 65.41 71.78 OK
r-release-linux-x86_64 0.5.8 6.38 65.24 71.62 OK
r-release-macos-arm64 0.5.8 40.00 OK
r-release-macos-x86_64 0.5.8 60.00 OK
r-release-windows-x86_64 0.5.8 11.00 83.00 94.00 OK
r-oldrel-macos-arm64 0.5.8 46.00 OK
r-oldrel-macos-x86_64 0.5.8 63.00 OK
r-oldrel-windows-x86_64 0.5.8 10.00 86.00 96.00 OK

Check Details

Version: 0.5.8
Check: Rd cross-references
Result: NOTE Found the following Rd file(s) with Rd \link{} targets missing package anchors: trc.Rd: xyplot, lattice Please provide package anchors for all Rd \link{} targets not in the package itself and the base packages. Flavors: r-devel-linux-x86_64-debian-clang, r-devel-linux-x86_64-debian-gcc, r-devel-windows-x86_64