CRAN Package Check Results for Package qmethod

Last updated on 2025-01-19 05:49:17 CET.

Flavor Version Tinstall Tcheck Ttotal Status Flags
r-devel-linux-x86_64-debian-clang 1.8.4 5.17 51.32 56.49 NOTE
r-devel-linux-x86_64-debian-gcc 1.8.4 3.36 36.82 40.18 NOTE
r-devel-linux-x86_64-fedora-clang 1.8.4 92.48 NOTE
r-devel-linux-x86_64-fedora-gcc 1.8.4 86.63 NOTE
r-devel-windows-x86_64 1.8.4 7.00 77.00 84.00 NOTE
r-patched-linux-x86_64 1.8.4 5.81 48.60 54.41 NOTE
r-release-linux-x86_64 1.8.4 4.41 48.85 53.26 NOTE
r-release-macos-arm64 1.8.4 30.00 NOTE
r-release-macos-x86_64 1.8.4 42.00 NOTE
r-release-windows-x86_64 1.8.4 6.00 85.00 91.00 NOTE
r-oldrel-macos-arm64 1.8.4 30.00 OK
r-oldrel-macos-x86_64 1.8.4 46.00 OK
r-oldrel-windows-x86_64 1.8.4 8.00 90.00 98.00 OK

Check Details

Version: 1.8.4
Check: Rd files
Result: NOTE checkRd: (-1) qmethod-package.Rd:109: Lost braces 109 | \item Van Exel, J., and G. de Graaf, 2005. \emph{Q Methodology: A Sneak Preview}\cr \url{https://qmethodblog.files.wordpress.com/2016/01/qmethodologyasneakpreviewreferenceupdate.pdf}{Available at this link}. | ^ checkRd: (-1) qmethod-package.Rd:110: Lost braces 110 | \item Brown, S. R., 1980. \emph{Political subjectivity: Applications of Q methodology in political science}, New Haven, CT: Yale University Press.\cr \url{https://qmethodblog.files.wordpress.com/2016/01/brown-1980-politicalsubjectivity.pdf}{Available at this link}. | ^ Flavors: r-devel-linux-x86_64-debian-clang, r-devel-linux-x86_64-debian-gcc, r-devel-linux-x86_64-fedora-clang, r-devel-linux-x86_64-fedora-gcc, r-devel-windows-x86_64, r-patched-linux-x86_64, r-release-linux-x86_64, r-release-macos-arm64, r-release-macos-x86_64, r-release-windows-x86_64