CRAN Package Check Results for Package qqboxplot

Last updated on 2025-01-19 05:49:17 CET.

Flavor Version Tinstall Tcheck Ttotal Status Flags
r-devel-linux-x86_64-debian-clang 0.3.0 4.19 97.86 102.05 NOTE
r-devel-linux-x86_64-debian-gcc 0.3.0 3.25 65.24 68.49 NOTE
r-devel-linux-x86_64-fedora-clang 0.3.0 168.51 OK
r-devel-linux-x86_64-fedora-gcc 0.3.0 180.47 OK
r-devel-windows-x86_64 0.3.0 8.00 126.00 134.00 NOTE
r-patched-linux-x86_64 0.3.0 9.69 94.26 103.95 OK
r-release-linux-x86_64 0.3.0 4.13 93.56 97.69 OK
r-release-macos-arm64 0.3.0 50.00 OK
r-release-macos-x86_64 0.3.0 81.00 OK
r-release-windows-x86_64 0.3.0 6.00 122.00 128.00 OK
r-oldrel-macos-arm64 0.3.0 55.00 OK
r-oldrel-macos-x86_64 0.3.0 88.00 OK
r-oldrel-windows-x86_64 0.3.0 8.00 135.00 143.00 OK

Check Details

Version: 0.3.0
Check: Rd cross-references
Result: NOTE Found the following Rd file(s) with Rd \link{} targets missing package anchors: geom_qqboxplot.Rd: geom_boxplot Please provide package anchors for all Rd \link{} targets not in the package itself and the base packages. Flavors: r-devel-linux-x86_64-debian-clang, r-devel-linux-x86_64-debian-gcc, r-devel-windows-x86_64