CRAN Package Check Results for Package qra

Last updated on 2025-01-19 05:49:17 CET.

Flavor Version Tinstall Tcheck Ttotal Status Flags
r-devel-linux-x86_64-debian-clang 0.2.7 10.09 183.75 193.84 OK
r-devel-linux-x86_64-debian-gcc 0.2.7 7.03 133.68 140.71 OK
r-devel-linux-x86_64-fedora-clang 0.2.7 319.73 OK
r-devel-linux-x86_64-fedora-gcc 0.2.7 324.03 OK
r-devel-windows-x86_64 0.2.7 11.00 188.00 199.00 OK
r-patched-linux-x86_64 0.2.7 8.80 175.29 184.09 OK
r-release-linux-x86_64 0.2.7 9.45 175.99 185.44 OK
r-release-macos-arm64 0.2.7 88.00 OK
r-release-macos-x86_64 0.2.7 145.00 OK
r-release-windows-x86_64 0.2.7 11.00 189.00 200.00 OK
r-oldrel-macos-arm64 0.2.7 101.00 OK
r-oldrel-macos-x86_64 0.2.7 97.00 NOTE
r-oldrel-windows-x86_64 0.2.7 15.00 231.00 246.00 OK

Check Details

Version: 0.2.7
Check: package dependencies
Result: NOTE Packages suggested but not available for checking: 'glmmTMB', 'DHARMa' Flavor: r-oldrel-macos-x86_64