CRAN Package Check Results for Package qris

Last updated on 2025-01-19 05:49:17 CET.

Flavor Version Tinstall Tcheck Ttotal Status Flags
r-devel-linux-x86_64-debian-clang 1.1.1 52.87 99.48 152.35 NOTE
r-devel-linux-x86_64-debian-gcc 1.1.1 35.56 73.88 109.44 NOTE
r-devel-linux-x86_64-fedora-clang 1.1.1 267.05 NOTE
r-devel-linux-x86_64-fedora-gcc 1.1.1 250.38 NOTE
r-devel-windows-x86_64 1.1.1 58.00 120.00 178.00 NOTE
r-patched-linux-x86_64 1.1.1 51.18 98.75 149.93 NOTE
r-release-linux-x86_64 1.1.1 52.63 97.83 150.46 NOTE
r-release-macos-arm64 1.1.1 61.00 NOTE
r-release-macos-x86_64 1.1.1 89.00 NOTE
r-release-windows-x86_64 1.1.1 59.00 117.00 176.00 NOTE
r-oldrel-macos-arm64 1.1.1 73.00 NOTE
r-oldrel-macos-x86_64 1.1.1 131.00 NOTE
r-oldrel-windows-x86_64 1.1.1 65.00 146.00 211.00 NOTE

Check Details

Version: 1.1.1
Check: C++ specification
Result: NOTE Specified C++11: please drop specification unless essential Flavors: r-devel-linux-x86_64-debian-clang, r-devel-linux-x86_64-debian-gcc, r-devel-linux-x86_64-fedora-clang, r-devel-linux-x86_64-fedora-gcc, r-devel-windows-x86_64, r-patched-linux-x86_64, r-release-linux-x86_64, r-release-macos-arm64, r-release-macos-x86_64, r-release-windows-x86_64, r-oldrel-macos-arm64, r-oldrel-macos-x86_64, r-oldrel-windows-x86_64