CRAN Package Check Results for Package qrjoint

Last updated on 2025-01-19 05:49:17 CET.

Flavor Version Tinstall Tcheck Ttotal Status Flags
r-devel-linux-x86_64-debian-clang 2.0-9 15.75 94.10 109.85 NOTE
r-devel-linux-x86_64-debian-gcc 2.0-9 9.31 66.46 75.77 NOTE
r-devel-linux-x86_64-fedora-clang 2.0-9 173.43 OK
r-devel-linux-x86_64-fedora-gcc 2.0-9 164.82 OK
r-devel-windows-x86_64 2.0-9 16.00 102.00 118.00 NOTE
r-patched-linux-x86_64 2.0-9 17.94 88.15 106.09 OK
r-release-linux-x86_64 2.0-9 12.64 87.59 100.23 OK
r-release-macos-arm64 2.0-9 44.00 OK
r-release-macos-x86_64 2.0-9 78.00 OK
r-release-windows-x86_64 2.0-9 15.00 105.00 120.00 OK
r-oldrel-macos-arm64 2.0-9 52.00 OK
r-oldrel-macos-x86_64 2.0-9 83.00 OK
r-oldrel-windows-x86_64 2.0-9 18.00 121.00 139.00 OK

Check Details

Version: 2.0-9
Check: Rd cross-references
Result: NOTE Found the following Rd file(s) with Rd \link{} targets missing package anchors: qde.Rd: rq qrjoint.Rd: rq summary.qde.Rd: geweke.diag summary.qrjoint.Rd: geweke.diag Please provide package anchors for all Rd \link{} targets not in the package itself and the base packages. Flavors: r-devel-linux-x86_64-debian-clang, r-devel-linux-x86_64-debian-gcc, r-devel-windows-x86_64