CRAN Package Check Results for Package qs2

Last updated on 2025-01-19 05:49:17 CET.

Flavor Version Tinstall Tcheck Ttotal Status Flags
r-devel-linux-x86_64-debian-clang 0.1.4 35.96 41.74 77.70 OK
r-devel-linux-x86_64-debian-gcc 0.1.4 25.59 34.53 60.12 OK
r-devel-linux-x86_64-fedora-clang 0.1.4 166.94 OK
r-devel-linux-x86_64-fedora-gcc 0.1.4 248.78 OK
r-devel-windows-x86_64 0.1.4 98.00 97.00 195.00 OK
r-patched-linux-x86_64 0.1.4 35.31 38.98 74.29 NOTE
r-release-linux-x86_64 0.1.4 33.33 39.14 72.47 NOTE
r-release-macos-arm64 0.1.4 77.00 NOTE
r-release-macos-x86_64 0.1.4 129.00 NOTE
r-release-windows-x86_64 0.1.4 98.00 99.00 197.00 NOTE
r-oldrel-macos-arm64 0.1.4 73.00 NOTE
r-oldrel-macos-x86_64 0.1.4 143.00 NOTE
r-oldrel-windows-x86_64 0.1.4 109.00 112.00 221.00 NOTE

Check Details

Version: 0.1.4
Check: for GNU extensions in Makefiles
Result: NOTE GNU make is a SystemRequirements. Flavors: r-patched-linux-x86_64, r-release-linux-x86_64, r-release-macos-arm64, r-release-macos-x86_64, r-release-windows-x86_64, r-oldrel-macos-arm64, r-oldrel-macos-x86_64, r-oldrel-windows-x86_64

Version: 0.1.4
Check: installed package size
Result: NOTE installed size is 9.4Mb sub-directories of 1Mb or more: libs 9.2Mb Flavors: r-release-macos-arm64, r-release-macos-x86_64, r-oldrel-macos-arm64, r-oldrel-macos-x86_64