Last updated on 2025-01-19 05:49:17 CET.
Flavor | Version | Tinstall | Tcheck | Ttotal | Status | Flags |
---|---|---|---|---|---|---|
r-devel-linux-x86_64-debian-clang | 1.4.3 | 70.41 | 91.75 | 162.16 | OK | |
r-devel-linux-x86_64-debian-gcc | 1.4.3 | 59.02 | 68.45 | 127.47 | OK | |
r-devel-linux-x86_64-fedora-clang | 1.4.3 | 290.75 | OK | |||
r-devel-linux-x86_64-fedora-gcc | 1.4.3 | 331.26 | OK | |||
r-devel-windows-x86_64 | 1.4.3 | 75.00 | 132.00 | 207.00 | OK | |
r-patched-linux-x86_64 | 1.4.3 | 77.91 | 96.24 | 174.15 | NOTE | |
r-release-linux-x86_64 | 1.4.3 | 80.14 | 95.60 | 175.74 | NOTE | |
r-release-macos-arm64 | 1.4.3 | 75.00 | NOTE | |||
r-release-macos-x86_64 | 1.4.3 | 107.00 | NOTE | |||
r-release-windows-x86_64 | 1.4.3 | 75.00 | 132.00 | 207.00 | NOTE | |
r-oldrel-macos-arm64 | 1.4.3 | 83.00 | NOTE | |||
r-oldrel-macos-x86_64 | 1.4.3 | 140.00 | NOTE | |||
r-oldrel-windows-x86_64 | 1.4.3 | 80.00 | 158.00 | 238.00 | NOTE |
Version: 1.4.3
Check: LazyData
Result: NOTE
'LazyData' is specified without a 'data' directory
Flavors: r-patched-linux-x86_64, r-release-linux-x86_64, r-release-macos-arm64, r-release-macos-x86_64, r-release-windows-x86_64, r-oldrel-macos-arm64, r-oldrel-macos-x86_64, r-oldrel-windows-x86_64
Version: 1.4.3
Check: installed package size
Result: NOTE
installed size is 27.2Mb
sub-directories of 1Mb or more:
libs 26.9Mb
Flavors: r-release-macos-arm64, r-release-macos-x86_64, r-oldrel-macos-arm64, r-oldrel-macos-x86_64