CRAN Package Check Results for Package quadmesh

Last updated on 2020-10-25 11:50:40 CET.

Flavor Version Tinstall Tcheck Ttotal Status Flags
r-devel-linux-x86_64-debian-clang 0.4.5 11.02 116.18 127.20 OK
r-devel-linux-x86_64-debian-gcc 0.4.5 8.96 86.92 95.88 OK
r-devel-linux-x86_64-fedora-clang 0.4.5 159.02 OK
r-devel-linux-x86_64-fedora-gcc 0.4.5 151.99 OK
r-devel-windows-ix86+x86_64 0.4.5 23.00 139.00 162.00 OK
r-patched-linux-x86_64 0.4.5 11.68 108.73 120.41 OK
r-patched-solaris-x86 0.4.5 201.40 WARN
r-release-linux-x86_64 0.4.5 10.43 107.55 117.98 OK
r-release-macos-x86_64 0.4.5 WARN
r-release-windows-ix86+x86_64 0.4.5 17.00 108.00 125.00 OK
r-oldrel-macos-x86_64 0.4.5 WARN
r-oldrel-windows-ix86+x86_64 0.4.5 19.00 92.00 111.00 OK

Check Details

Version: 0.4.5
Check: re-building of vignette outputs
Result: WARN
    Error(s) in re-building vignettes:
     ...
    --- re-building ‘quadmesh.Rmd’ using rmarkdown
    Warning in engine$weave(file, quiet = quiet, encoding = enc) :
     Pandoc (>= 1.12.3) and/or pandoc-citeproc not available. Falling back to R Markdown v1.
    Quitting from lines 20-35 (quadmesh.Rmd)
    Error: processing vignette 'quadmesh.Rmd' failed with diagnostics:
    cannot open the connection
    --- failed re-building ‘quadmesh.Rmd’
    
    --- re-building ‘topography.Rmd’ using rmarkdown
    Warning in engine$weave(file, quiet = quiet, encoding = enc) :
     Pandoc (>= 1.12.3) and/or pandoc-citeproc not available. Falling back to R Markdown v1.
    Quitting from lines 19-33 (topography.Rmd)
    Error: processing vignette 'topography.Rmd' failed with diagnostics:
    cannot open the connection
    --- failed re-building ‘topography.Rmd’
    
    SUMMARY: processing the following files failed:
     ‘quadmesh.Rmd’ ‘topography.Rmd’
    
    Error: Vignette re-building failed.
    Execution halted
Flavors: r-patched-solaris-x86, r-release-macos-x86_64, r-oldrel-macos-x86_64