CRAN Package Check Results for Package quadrupen

Last updated on 2025-01-19 05:49:17 CET.

Flavor Version Tinstall Tcheck Ttotal Status Flags
r-devel-linux-x86_64-debian-clang 0.2-12 86.94 143.52 230.46 OK
r-devel-linux-x86_64-debian-gcc 0.2-12 67.28 98.20 165.48 OK
r-devel-linux-x86_64-fedora-clang 0.2-12 397.55 OK
r-devel-linux-x86_64-fedora-gcc 0.2-12 418.12 OK
r-devel-windows-x86_64 0.2-12 93.00 176.00 269.00 OK
r-patched-linux-x86_64 0.2-12 96.02 137.28 233.30 OK
r-release-linux-x86_64 0.2-12 95.07 136.15 231.22 OK
r-release-macos-arm64 0.2-12 114.00 NOTE
r-release-macos-x86_64 0.2-12 205.00 NOTE
r-release-windows-x86_64 0.2-12 92.00 169.00 261.00 OK
r-oldrel-macos-arm64 0.2-12 108.00 NOTE
r-oldrel-macos-x86_64 0.2-12 215.00 NOTE
r-oldrel-windows-x86_64 0.2-12 100.00 205.00 305.00 OK

Check Details

Version: 0.2-12
Check: installed package size
Result: NOTE installed size is 7.9Mb sub-directories of 1Mb or more: libs 7.4Mb Flavors: r-release-macos-arm64, r-release-macos-x86_64, r-oldrel-macos-arm64, r-oldrel-macos-x86_64