Last updated on 2025-01-19 05:49:17 CET.
Flavor | Version | Tinstall | Tcheck | Ttotal | Status | Flags |
---|---|---|---|---|---|---|
r-devel-linux-x86_64-debian-clang | 0.95 | 19.21 | 120.93 | 140.14 | NOTE | |
r-devel-linux-x86_64-debian-gcc | 0.95 | 12.50 | 85.85 | 98.35 | NOTE | |
r-devel-linux-x86_64-fedora-clang | 0.95 | 245.14 | NOTE | |||
r-devel-linux-x86_64-fedora-gcc | 0.95 | 217.20 | NOTE | |||
r-devel-windows-x86_64 | 0.95 | 23.00 | 148.00 | 171.00 | OK | |
r-patched-linux-x86_64 | 0.95 | 15.30 | 110.99 | 126.29 | NOTE | |
r-release-linux-x86_64 | 0.95 | 16.55 | 110.69 | 127.24 | NOTE | |
r-release-macos-arm64 | 0.95 | 64.00 | OK | |||
r-release-macos-x86_64 | 0.95 | 130.00 | OK | |||
r-release-windows-x86_64 | 0.95 | 22.00 | 136.00 | 158.00 | OK | |
r-oldrel-macos-arm64 | 0.95 | 67.00 | OK | |||
r-oldrel-macos-x86_64 | 0.95 | 124.00 | OK | |||
r-oldrel-windows-x86_64 | 0.95 | 25.00 | 177.00 | 202.00 | OK |
Version: 0.95
Check: Rd cross-references
Result: NOTE
Unknown package ‘quanteda.textmodels’ in Rd xrefs
Flavors: r-devel-linux-x86_64-debian-clang, r-devel-linux-x86_64-debian-gcc, r-devel-linux-x86_64-fedora-clang, r-devel-linux-x86_64-fedora-gcc, r-patched-linux-x86_64, r-release-linux-x86_64
Version: 0.95
Check: package dependencies
Result: NOTE
Package suggested but not available for checking: ‘quanteda.textmodels’
Flavors: r-patched-linux-x86_64, r-release-linux-x86_64