Last updated on 2024-04-17 13:57:39 CEST.
Flavor | Version | Tinstall | Tcheck | Ttotal | Status | Flags |
---|---|---|---|---|---|---|
r-devel-linux-x86_64-debian-clang | 1.0.0 | 6.76 | 30.10 | 36.86 | NOTE | |
r-devel-linux-x86_64-debian-gcc | 1.0.0 | 5.78 | 23.97 | 29.75 | NOTE | |
r-devel-linux-x86_64-fedora-clang | 1.0.0 | 48.09 | NOTE | |||
r-devel-linux-x86_64-fedora-gcc | 1.0.0 | 46.51 | NOTE | |||
r-prerel-macos-arm64 | 1.0.0 | 22.00 | NOTE | |||
r-prerel-windows-x86_64 | 1.0.0 | 7.00 | 46.00 | 53.00 | NOTE | |
r-patched-linux-x86_64 | 1.0.0 | 7.21 | 30.11 | 37.32 | NOTE | |
r-release-linux-x86_64 | 1.0.0 | 7.81 | 29.63 | 37.44 | OK | |
r-release-macos-arm64 | 1.0.0 | 21.00 | OK | |||
r-release-macos-x86_64 | 1.0.0 | 30.00 | OK | |||
r-release-windows-x86_64 | 1.0.0 | 8.00 | 46.00 | 54.00 | OK | |
r-oldrel-macos-arm64 | 1.0.0 | 28.00 | OK | |||
r-oldrel-windows-x86_64 | 1.0.0 | 10.00 | 50.00 | 60.00 | OK |
Version: 1.0.0
Check: Rd files
Result: NOTE
checkRd: (-1) quarries.Rd:17-19: Lost braces in \itemize; meant \describe ?
checkRd: (-1) quarries.Rd:20-22: Lost braces in \itemize; meant \describe ?
checkRd: (-1) quarries.Rd:23-25: Lost braces in \itemize; meant \describe ?
checkRd: (-1) quarries.Rd:26-28: Lost braces in \itemize; meant \describe ?
Flavors: r-devel-linux-x86_64-debian-clang, r-devel-linux-x86_64-debian-gcc, r-devel-linux-x86_64-fedora-clang, r-devel-linux-x86_64-fedora-gcc, r-prerel-macos-arm64, r-prerel-windows-x86_64, r-patched-linux-x86_64