CRAN Package Check Results for Package quickPlot

Last updated on 2020-12-02 12:51:48 CET.

Flavor Version Tinstall Tcheck Ttotal Status Flags
r-devel-linux-x86_64-debian-clang 0.1.6 28.92 172.73 201.65 NOTE
r-devel-linux-x86_64-debian-gcc 0.1.6 19.84 133.70 153.54 NOTE
r-devel-linux-x86_64-fedora-clang 0.1.6 241.49 NOTE
r-devel-linux-x86_64-fedora-gcc 0.1.6 226.93 NOTE
r-devel-windows-ix86+x86_64 0.1.6 45.00 165.00 210.00 NOTE
r-patched-linux-x86_64 0.1.6 17.88 165.74 183.62 NOTE
r-patched-solaris-x86 0.1.6 319.30 NOTE
r-release-linux-x86_64 0.1.6 22.03 164.02 186.05 NOTE
r-release-macos-x86_64 0.1.6 NOTE
r-release-windows-ix86+x86_64 0.1.6 32.00 146.00 178.00 NOTE
r-oldrel-macos-x86_64 0.1.6 NOTE
r-oldrel-windows-ix86+x86_64 0.1.6 37.00 195.00 232.00 NOTE

Check Details

Version: 0.1.6
Check: package dependencies
Result: NOTE
    Package suggested but not available for checking: 'fastshp'
Flavors: r-devel-linux-x86_64-debian-clang, r-devel-linux-x86_64-debian-gcc, r-devel-linux-x86_64-fedora-clang, r-devel-linux-x86_64-fedora-gcc, r-devel-windows-ix86+x86_64, r-patched-linux-x86_64, r-patched-solaris-x86, r-release-linux-x86_64, r-release-macos-x86_64, r-release-windows-ix86+x86_64, r-oldrel-macos-x86_64, r-oldrel-windows-ix86+x86_64