CRAN Package Check Results for Package quiddich

Last updated on 2025-01-19 05:49:17 CET.

Flavor Version Tinstall Tcheck Ttotal Status Flags
r-devel-linux-x86_64-debian-clang 1.0.0 2.76 32.86 35.62 OK
r-devel-linux-x86_64-debian-gcc 1.0.0 1.71 24.85 26.56 OK
r-devel-linux-x86_64-fedora-clang 1.0.0 57.98 OK
r-devel-linux-x86_64-fedora-gcc 1.0.0 55.49 OK
r-devel-windows-x86_64 1.0.0 3.00 53.00 56.00 OK
r-patched-linux-x86_64 1.0.0 2.72 32.05 34.77 NOTE
r-release-linux-x86_64 1.0.0 2.82 31.52 34.34 NOTE
r-release-macos-arm64 1.0.0 21.00 NOTE
r-release-macos-x86_64 1.0.0 30.00 NOTE
r-release-windows-x86_64 1.0.0 3.00 55.00 58.00 NOTE
r-oldrel-macos-arm64 1.0.0 22.00 NOTE
r-oldrel-macos-x86_64 1.0.0 30.00 NOTE
r-oldrel-windows-x86_64 1.0.0 5.00 59.00 64.00 NOTE

Check Details

Version: 1.0.0
Check: LazyData
Result: NOTE 'LazyData' is specified without a 'data' directory Flavors: r-patched-linux-x86_64, r-release-linux-x86_64, r-release-macos-arm64, r-release-macos-x86_64, r-release-windows-x86_64, r-oldrel-macos-arm64, r-oldrel-macos-x86_64, r-oldrel-windows-x86_64