CRAN Package Check Results for Package quietR

Last updated on 2025-01-19 05:49:17 CET.

Flavor Version Tinstall Tcheck Ttotal Status Flags
r-devel-linux-x86_64-debian-clang 0.1.0 1.57 18.22 19.79 OK
r-devel-linux-x86_64-debian-gcc 0.1.0 1.27 14.64 15.91 OK
r-devel-linux-x86_64-fedora-clang 0.1.0 32.91 OK
r-devel-linux-x86_64-fedora-gcc 0.1.0 30.93 OK
r-devel-windows-x86_64 0.1.0 5.00 55.00 60.00 OK
r-patched-linux-x86_64 0.1.0 1.50 17.68 19.18 NOTE
r-release-linux-x86_64 0.1.0 1.42 17.74 19.16 NOTE
r-release-macos-arm64 0.1.0 16.00 NOTE
r-release-macos-x86_64 0.1.0 22.00 NOTE
r-release-windows-x86_64 0.1.0 2.00 46.00 48.00 NOTE
r-oldrel-macos-arm64 0.1.0 16.00 NOTE
r-oldrel-macos-x86_64 0.1.0 21.00 NOTE
r-oldrel-windows-x86_64 0.1.0 4.00 46.00 50.00 NOTE

Check Details

Version: 0.1.0
Check: LazyData
Result: NOTE 'LazyData' is specified without a 'data' directory Flavors: r-patched-linux-x86_64, r-release-linux-x86_64, r-release-macos-arm64, r-release-macos-x86_64, r-release-windows-x86_64, r-oldrel-macos-arm64, r-oldrel-macos-x86_64, r-oldrel-windows-x86_64