CRAN Package Check Results for Package r2country

Last updated on 2025-01-19 05:49:17 CET.

Flavor Version Tinstall Tcheck Ttotal Status Flags
r-devel-linux-x86_64-debian-clang 2.0.2.4.0 5.06 24.32 29.38 OK
r-devel-linux-x86_64-debian-gcc 2.0.2.4.0 2.40 19.31 21.71 OK
r-devel-linux-x86_64-fedora-clang 2.0.2.4.0 48.50 NOTE
r-devel-linux-x86_64-fedora-gcc 2.0.2.4.0 58.58 NOTE
r-devel-windows-x86_64 2.0.2.4.0 6.00 55.00 61.00 OK
r-patched-linux-x86_64 2.0.2.4.0 4.65 23.04 27.69 OK
r-release-linux-x86_64 2.0.2.4.0 3.21 23.33 26.54 OK
r-release-macos-arm64 2.0.2.4.0 24.00 OK
r-release-macos-x86_64 2.0.2.4.0 63.00 OK
r-release-windows-x86_64 2.0.2.4.0 6.00 52.00 58.00 OK
r-oldrel-macos-arm64 2.0.2.4.0 29.00 WARN
r-oldrel-macos-x86_64 2.0.2.4.0 85.00 WARN
r-oldrel-windows-x86_64 2.0.2.4.0 8.00 54.00 62.00 WARN

Check Details

Version: 2.0.2.4.0
Check: dependencies in R code
Result: NOTE Namespaces in Imports field not imported from: ‘quickcode’ ‘stats’ ‘utils’ All declared Imports should be used. Flavors: r-devel-linux-x86_64-fedora-clang, r-devel-linux-x86_64-fedora-gcc

Version: 2.0.2.4.0
Check: data for ASCII and uncompressed saves
Result: WARN Warning: package needs dependence on R (>= 2.10) Flavors: r-oldrel-macos-arm64, r-oldrel-macos-x86_64, r-oldrel-windows-x86_64