Last updated on 2025-01-19 05:49:18 CET.
Flavor | Version | Tinstall | Tcheck | Ttotal | Status | Flags |
---|---|---|---|---|---|---|
r-devel-linux-x86_64-debian-clang | 2.1.16 | 17.01 | 81.71 | 98.72 | OK | |
r-devel-linux-x86_64-debian-gcc | 2.1.16 | 10.29 | 53.97 | 64.26 | OK | |
r-devel-linux-x86_64-fedora-clang | 2.1.16 | 161.05 | OK | |||
r-devel-linux-x86_64-fedora-gcc | 2.1.16 | 147.38 | OK | |||
r-devel-windows-x86_64 | 2.1.16 | 24.00 | 120.00 | 144.00 | OK | |
r-patched-linux-x86_64 | 2.1.16 | 17.46 | 74.72 | 92.18 | OK | |
r-release-linux-x86_64 | 2.1.16 | 13.02 | 75.85 | 88.87 | OK | |
r-release-macos-arm64 | 2.1.16 | 49.00 | NOTE | |||
r-release-macos-x86_64 | 2.1.16 | 126.00 | NOTE | |||
r-release-windows-x86_64 | 2.1.16 | 21.00 | 117.00 | 138.00 | NOTE | |
r-oldrel-macos-arm64 | 2.1.16 | 52.00 | NOTE | |||
r-oldrel-macos-x86_64 | 2.1.16 | 105.00 | NOTE | |||
r-oldrel-windows-x86_64 | 2.1.16 | 19.00 | 138.00 | 157.00 | NOTE |
Version: 2.1.16
Check: installed package size
Result: NOTE
installed size is 11.9Mb
sub-directories of 1Mb or more:
api 3.1Mb
htmlwidgets 7.1Mb
Flavors: r-release-macos-arm64, r-release-macos-x86_64, r-release-windows-x86_64, r-oldrel-macos-arm64, r-oldrel-macos-x86_64, r-oldrel-windows-x86_64