Last updated on 2025-01-19 05:49:18 CET.
Flavor | Version | Tinstall | Tcheck | Ttotal | Status | Flags |
---|---|---|---|---|---|---|
r-devel-linux-x86_64-debian-clang | 1.6.0 | 9.54 | 64.23 | 73.77 | OK | |
r-devel-linux-x86_64-debian-gcc | 1.6.0 | 7.22 | 43.72 | 50.94 | OK | |
r-devel-linux-x86_64-fedora-clang | 1.6.0 | 123.71 | OK | |||
r-devel-linux-x86_64-fedora-gcc | 1.6.0 | 110.95 | OK | |||
r-devel-windows-x86_64 | 1.6.0 | 14.00 | 88.00 | 102.00 | OK | |
r-patched-linux-x86_64 | 1.6.0 | 10.36 | 60.50 | 70.86 | OK | |
r-release-linux-x86_64 | 1.6.0 | 9.80 | 60.57 | 70.37 | OK | |
r-release-macos-arm64 | 1.6.0 | 35.00 | NOTE | |||
r-release-macos-x86_64 | 1.6.0 | 55.00 | NOTE | |||
r-release-windows-x86_64 | 1.6.0 | 15.00 | 87.00 | 102.00 | NOTE | |
r-oldrel-macos-arm64 | 1.6.0 | 35.00 | NOTE | |||
r-oldrel-macos-x86_64 | 1.6.0 | 53.00 | NOTE | |||
r-oldrel-windows-x86_64 | 1.6.0 | 14.00 | 99.00 | 113.00 | NOTE |
Version: 1.6.0
Check: installed package size
Result: NOTE
installed size is 11.4Mb
sub-directories of 1Mb or more:
htmlwidgets 10.0Mb
super-tiny-icons 1.0Mb
Flavors: r-release-macos-arm64, r-release-macos-x86_64, r-release-windows-x86_64, r-oldrel-macos-arm64, r-oldrel-macos-x86_64, r-oldrel-windows-x86_64