Last updated on 2024-05-01 16:53:07 CEST.
Flavor | Version | Tinstall | Tcheck | Ttotal | Status | Flags |
---|---|---|---|---|---|---|
r-devel-linux-x86_64-debian-clang | 1.0.68 | 4.56 | 39.66 | 44.22 | OK | |
r-devel-linux-x86_64-debian-gcc | 1.0.68 | 4.33 | 29.05 | 33.38 | OK | |
r-devel-linux-x86_64-fedora-clang | 1.0.68 | 55.15 | OK | |||
r-devel-linux-x86_64-fedora-gcc | 1.0.68 | 51.33 | OK | |||
r-devel-windows-x86_64 | 1.0.68 | 6.00 | 51.00 | 57.00 | OK | |
r-patched-linux-x86_64 | 1.0.68 | 6.44 | 37.72 | 44.16 | OK | |
r-release-linux-x86_64 | 1.0.68 | 5.86 | 37.53 | 43.39 | OK | |
r-release-macos-arm64 | 1.0.68 | 19.00 | OK | |||
r-release-windows-x86_64 | 1.0.68 | 6.00 | 51.00 | 57.00 | OK | |
r-oldrel-macos-arm64 | 1.0.68 | 20.00 | OK | |||
r-oldrel-macos-x86_64 | 1.0.68 | 28.00 | NOTE | |||
r-oldrel-windows-x86_64 | 1.0.68 | 7.00 | 52.00 | 59.00 | OK |
Version: 1.0.68
Check: package dependencies
Result: NOTE
Package suggested but not available for checking: ‘evolMap’
Flavor: r-oldrel-macos-x86_64
Version: 1.0.68
Check: dependencies in R code
Result: NOTE
Unavailable namespace imported from by a ':::' call: ‘evolMap’
See the note in ?`:::` about the use of this operator.
Flavor: r-oldrel-macos-x86_64