CRAN Package Check Results for Package rODE

Last updated on 2025-01-19 05:49:19 CET.

Flavor Version Tinstall Tcheck Ttotal Status Flags
r-devel-linux-x86_64-debian-clang 0.99.6 5.16 100.69 105.85 OK
r-devel-linux-x86_64-debian-gcc 0.99.6 3.38 70.21 73.59 OK
r-devel-linux-x86_64-fedora-clang 0.99.6 173.11 NOTE
r-devel-linux-x86_64-fedora-gcc 0.99.6 179.49 NOTE
r-devel-windows-x86_64 0.99.6 11.00 127.00 138.00 OK
r-patched-linux-x86_64 0.99.6 5.32 95.15 100.47 NOTE
r-release-linux-x86_64 0.99.6 4.90 94.50 99.40 NOTE
r-release-macos-arm64 0.99.6 57.00 NOTE
r-release-macos-x86_64 0.99.6 89.00 NOTE
r-release-windows-x86_64 0.99.6 9.00 118.00 127.00 NOTE
r-oldrel-macos-arm64 0.99.6 58.00 NOTE
r-oldrel-macos-x86_64 0.99.6 84.00 NOTE
r-oldrel-windows-x86_64 0.99.6 11.00 139.00 150.00 NOTE

Check Details

Version: 0.99.6
Check: dependencies in R code
Result: NOTE Namespace in Imports field not imported from: ‘data.table’ All declared Imports should be used. Flavors: r-devel-linux-x86_64-fedora-clang, r-devel-linux-x86_64-fedora-gcc

Version: 0.99.6
Check: LazyData
Result: NOTE 'LazyData' is specified without a 'data' directory Flavors: r-patched-linux-x86_64, r-release-linux-x86_64, r-release-macos-arm64, r-release-macos-x86_64, r-release-windows-x86_64, r-oldrel-macos-arm64, r-oldrel-macos-x86_64, r-oldrel-windows-x86_64