Last updated on 2025-01-19 05:49:19 CET.
Flavor | Version | Tinstall | Tcheck | Ttotal | Status | Flags |
---|---|---|---|---|---|---|
r-devel-linux-x86_64-debian-clang | 1.3.2-1 | 16.50 | 84.91 | 101.41 | NOTE | |
r-devel-linux-x86_64-debian-gcc | 1.3.2-1 | 10.31 | 55.00 | 65.31 | NOTE | |
r-devel-linux-x86_64-fedora-clang | 1.3.2-1 | 166.02 | NOTE | |||
r-devel-linux-x86_64-fedora-gcc | 1.3.2-1 | 154.27 | NOTE | |||
r-devel-windows-x86_64 | 1.3.2-1 | 19.00 | 140.00 | 159.00 | NOTE | |
r-patched-linux-x86_64 | 1.3.2-1 | 18.21 | 80.42 | 98.63 | NOTE | |
r-release-linux-x86_64 | 1.3.2-1 | 14.98 | 79.79 | 94.77 | NOTE | |
r-release-macos-arm64 | 1.3.2-1 | 46.00 | NOTE | |||
r-release-macos-x86_64 | 1.3.2-1 | 69.00 | NOTE | |||
r-release-windows-x86_64 | 1.3.2-1 | 18.00 | 122.00 | 140.00 | NOTE | |
r-oldrel-macos-arm64 | 1.3.2-1 | 46.00 | NOTE | |||
r-oldrel-macos-x86_64 | 1.3.2-1 | 80.00 | NOTE | |||
r-oldrel-windows-x86_64 | 1.3.2-1 | 24.00 | 145.00 | 169.00 | NOTE |
Version: 1.3.2-1
Check: Rd files
Result: NOTE
checkRd: (-1) as.tg.Rd:18: Lost braces; missing escapes or markup?
18 | Renames the \code{class(tg)["name"]} attribute and sets {class(tg)["type"] <- "TextGrid"} (if it is not already set)
| ^
Flavors: r-devel-linux-x86_64-debian-clang, r-devel-linux-x86_64-debian-gcc, r-devel-linux-x86_64-fedora-clang, r-devel-linux-x86_64-fedora-gcc, r-devel-windows-x86_64, r-patched-linux-x86_64, r-release-linux-x86_64, r-release-macos-arm64, r-release-macos-x86_64, r-release-windows-x86_64
Version: 1.3.2-1
Check: LazyData
Result: NOTE
'LazyData' is specified without a 'data' directory
Flavors: r-patched-linux-x86_64, r-release-linux-x86_64, r-release-macos-arm64, r-release-macos-x86_64, r-release-windows-x86_64, r-oldrel-macos-arm64, r-oldrel-macos-x86_64, r-oldrel-windows-x86_64