CRAN Package Check Results for Package rTRNG

Last updated on 2025-01-19 05:49:19 CET.

Flavor Version Tinstall Tcheck Ttotal Status Flags
r-devel-linux-x86_64-debian-clang 4.23.1-2 111.45 142.54 253.99 NOTE
r-devel-linux-x86_64-debian-gcc 4.23.1-2 81.81 94.67 176.48 NOTE
r-devel-linux-x86_64-fedora-clang 4.23.1-2 442.81 NOTE
r-devel-linux-x86_64-fedora-gcc 4.23.1-2 474.63 NOTE
r-devel-windows-x86_64 4.23.1-2 113.00 221.00 334.00 NOTE
r-patched-linux-x86_64 4.23.1-2 119.50 133.47 252.97 NOTE
r-release-linux-x86_64 4.23.1-2 117.05 133.12 250.17 NOTE
r-release-macos-arm64 4.23.1-2 116.00 NOTE
r-release-macos-x86_64 4.23.1-2 170.00 NOTE
r-release-windows-x86_64 4.23.1-2 118.00 187.00 305.00 NOTE
r-oldrel-macos-arm64 4.23.1-2 122.00 NOTE
r-oldrel-macos-x86_64 4.23.1-2 237.00 NOTE
r-oldrel-windows-x86_64 4.23.1-2 132.00 233.00 365.00 NOTE

Check Details

Version: 4.23.1-2
Check: C++ specification
Result: NOTE Specified C++11: please drop specification unless essential Flavors: r-devel-linux-x86_64-debian-clang, r-devel-linux-x86_64-debian-gcc, r-devel-linux-x86_64-fedora-clang, r-devel-linux-x86_64-fedora-gcc, r-devel-windows-x86_64, r-patched-linux-x86_64, r-release-linux-x86_64, r-release-macos-arm64, r-release-macos-x86_64, r-release-windows-x86_64, r-oldrel-macos-arm64, r-oldrel-macos-x86_64, r-oldrel-windows-x86_64

Version: 4.23.1-2
Check: Rd cross-references
Result: NOTE Found the following Rd file(s) with Rd \link{} targets missing package anchors: TRNG.Engine.Rd: Rcpp, Module-class rTRNG-package.Rd: dependsAttribute rbinom_trng.Rd: RcppParallel, setThreadOptions rlnorm_trng.Rd: RcppParallel, setThreadOptions rnorm_trng.Rd: RcppParallel, setThreadOptions rpois_trng.Rd: RcppParallel, setThreadOptions runif_trng.Rd: RcppParallel, setThreadOptions Please provide package anchors for all Rd \link{} targets not in the package itself and the base packages. Flavors: r-devel-linux-x86_64-debian-clang, r-devel-linux-x86_64-debian-gcc, r-devel-windows-x86_64

Version: 4.23.1-2
Check: for GNU extensions in Makefiles
Result: NOTE GNU make is a SystemRequirements. Flavors: r-patched-linux-x86_64, r-release-linux-x86_64, r-release-macos-arm64, r-release-macos-x86_64, r-release-windows-x86_64, r-oldrel-macos-arm64, r-oldrel-macos-x86_64, r-oldrel-windows-x86_64

Version: 4.23.1-2
Check: installed package size
Result: NOTE installed size is 28.6Mb sub-directories of 1Mb or more: doc 7.8Mb libs 19.8Mb Flavors: r-release-macos-arm64, r-release-macos-x86_64, r-release-windows-x86_64, r-oldrel-macos-arm64, r-oldrel-macos-x86_64, r-oldrel-windows-x86_64