CRAN Package Check Results for Package racir

Last updated on 2025-01-19 05:49:18 CET.

Flavor Version Tinstall Tcheck Ttotal Status Flags
r-devel-linux-x86_64-debian-clang 2.0.0 2.08 27.96 30.04 OK
r-devel-linux-x86_64-debian-gcc 2.0.0 1.51 22.29 23.80 OK
r-devel-linux-x86_64-fedora-clang 2.0.0 51.01 OK
r-devel-linux-x86_64-fedora-gcc 2.0.0 63.08 OK
r-devel-windows-x86_64 2.0.0 5.00 57.00 62.00 OK
r-patched-linux-x86_64 2.0.0 2.07 27.32 29.39 NOTE
r-release-linux-x86_64 2.0.0 1.90 27.13 29.03 NOTE
r-release-macos-arm64 2.0.0 23.00 NOTE
r-release-macos-x86_64 2.0.0 37.00 NOTE
r-release-windows-x86_64 2.0.0 4.00 48.00 52.00 NOTE
r-oldrel-macos-arm64 2.0.0 23.00 NOTE
r-oldrel-macos-x86_64 2.0.0 35.00 NOTE
r-oldrel-windows-x86_64 2.0.0 4.00 54.00 58.00 NOTE

Check Details

Version: 2.0.0
Check: LazyData
Result: NOTE 'LazyData' is specified without a 'data' directory Flavors: r-patched-linux-x86_64, r-release-linux-x86_64, r-release-macos-arm64, r-release-macos-x86_64, r-release-windows-x86_64, r-oldrel-macos-arm64, r-oldrel-macos-x86_64, r-oldrel-windows-x86_64