CRAN Package Check Results for Package raincin

Last updated on 2025-01-19 05:49:18 CET.

Flavor Version Tinstall Tcheck Ttotal Status Flags
r-devel-linux-x86_64-debian-clang 1.0.3 9.27 69.87 79.14 OK
r-devel-linux-x86_64-debian-gcc 1.0.3 6.73 52.02 58.75 OK
r-devel-linux-x86_64-fedora-clang 1.0.3 125.68 OK
r-devel-linux-x86_64-fedora-gcc 1.0.3 117.69 OK
r-devel-windows-x86_64 1.0.3 9.00 81.00 90.00 OK
r-patched-linux-x86_64 1.0.3 8.17 66.36 74.53 NOTE
r-release-linux-x86_64 1.0.3 8.13 65.45 73.58 NOTE
r-release-macos-arm64 1.0.3 38.00 NOTE
r-release-macos-x86_64 1.0.3 89.00 NOTE
r-release-windows-x86_64 1.0.3 10.00 79.00 89.00 NOTE
r-oldrel-macos-arm64 1.0.3 39.00 NOTE
r-oldrel-macos-x86_64 1.0.3 63.00 NOTE
r-oldrel-windows-x86_64 1.0.3 12.00 93.00 105.00 NOTE

Check Details

Version: 1.0.3
Check: LazyData
Result: NOTE 'LazyData' is specified without a 'data' directory Flavors: r-patched-linux-x86_64, r-release-linux-x86_64, r-release-macos-arm64, r-release-macos-x86_64, r-release-windows-x86_64, r-oldrel-macos-arm64, r-oldrel-macos-x86_64, r-oldrel-windows-x86_64