CRAN Package Check Results for Package rakeR

Last updated on 2025-01-19 05:49:18 CET.

Flavor Version Tinstall Tcheck Ttotal Status Flags
r-devel-linux-x86_64-debian-clang 0.2.1 1.79 27.15 28.94 OK
r-devel-linux-x86_64-debian-gcc 0.2.1 1.54 21.58 23.12 OK
r-devel-linux-x86_64-fedora-clang 0.2.1 45.45 OK
r-devel-linux-x86_64-fedora-gcc 0.2.1 46.34 OK
r-devel-windows-x86_64 0.2.1 5.00 51.00 56.00 OK
r-patched-linux-x86_64 0.2.1 2.14 25.79 27.93 NOTE
r-release-linux-x86_64 0.2.1 1.83 25.51 27.34 NOTE
r-release-macos-arm64 0.2.1 18.00 NOTE
r-release-macos-x86_64 0.2.1 26.00 NOTE
r-release-windows-x86_64 0.2.1 3.00 49.00 52.00 NOTE
r-oldrel-macos-arm64 0.2.1 22.00 NOTE
r-oldrel-macos-x86_64 0.2.1 27.00 NOTE
r-oldrel-windows-x86_64 0.2.1 4.00 54.00 58.00 NOTE

Check Details

Version: 0.2.1
Check: LazyData
Result: NOTE 'LazyData' is specified without a 'data' directory Flavors: r-patched-linux-x86_64, r-release-linux-x86_64, r-release-macos-arm64, r-release-macos-x86_64, r-release-windows-x86_64, r-oldrel-macos-arm64, r-oldrel-macos-x86_64, r-oldrel-windows-x86_64