CRAN Package Check Results for Package rameritrade

Last updated on 2025-01-19 05:49:18 CET.

Flavor Version Tinstall Tcheck Ttotal Status Flags
r-devel-linux-x86_64-debian-clang 0.1.5 2.34 20.59 22.93 OK
r-devel-linux-x86_64-debian-gcc 0.1.5 1.49 16.11 17.60 OK
r-devel-linux-x86_64-fedora-clang 0.1.5 37.07 OK
r-devel-linux-x86_64-fedora-gcc 0.1.5 35.56 OK
r-devel-windows-x86_64 0.1.5 4.00 46.00 50.00 OK
r-patched-linux-x86_64 0.1.5 2.47 19.63 22.10 NOTE
r-release-linux-x86_64 0.1.5 2.06 19.48 21.54 NOTE
r-release-macos-arm64 0.1.5 16.00 NOTE
r-release-macos-x86_64 0.1.5 24.00 NOTE
r-release-windows-x86_64 0.1.5 4.00 45.00 49.00 NOTE
r-oldrel-macos-arm64 0.1.5 17.00 NOTE
r-oldrel-macos-x86_64 0.1.5 21.00 NOTE
r-oldrel-windows-x86_64 0.1.5 4.00 46.00 50.00 NOTE

Check Details

Version: 0.1.5
Check: LazyData
Result: NOTE 'LazyData' is specified without a 'data' directory Flavors: r-patched-linux-x86_64, r-release-linux-x86_64, r-release-macos-arm64, r-release-macos-x86_64, r-release-windows-x86_64, r-oldrel-macos-arm64, r-oldrel-macos-x86_64, r-oldrel-windows-x86_64