CRAN Package Check Results for Package ramify

Last updated on 2025-01-19 05:49:18 CET.

Flavor Version Tinstall Tcheck Ttotal Status Flags
r-devel-linux-x86_64-debian-clang 0.3.3 2.11 24.49 26.60 NOTE
r-devel-linux-x86_64-debian-gcc 0.3.3 1.68 19.37 21.05 NOTE
r-devel-linux-x86_64-fedora-clang 0.3.3 45.45 OK
r-devel-linux-x86_64-fedora-gcc 0.3.3 62.21 OK
r-devel-windows-x86_64 0.3.3 4.00 54.00 58.00 NOTE
r-patched-linux-x86_64 0.3.3 2.68 23.39 26.07 OK
r-release-linux-x86_64 0.3.3 2.06 23.63 25.69 OK
r-release-macos-arm64 0.3.3 24.00 OK
r-release-macos-x86_64 0.3.3 39.00 OK
r-release-windows-x86_64 0.3.3 4.00 51.00 55.00 OK
r-oldrel-macos-arm64 0.3.3 26.00 OK
r-oldrel-macos-x86_64 0.3.3 37.00 OK
r-oldrel-windows-x86_64 0.3.3 4.00 53.00 57.00 OK

Check Details

Version: 0.3.3
Check: Rd cross-references
Result: NOTE Found the following Rd file(s) with Rd \link{} targets missing package anchors: matrix_rank.Rd: rankMatrix, Matrix Please provide package anchors for all Rd \link{} targets not in the package itself and the base packages. Flavors: r-devel-linux-x86_64-debian-clang, r-devel-linux-x86_64-debian-gcc, r-devel-windows-x86_64