CRAN Package Check Results for Package randgeo

Last updated on 2025-01-19 05:49:18 CET.

Flavor Version Tinstall Tcheck Ttotal Status Flags
r-devel-linux-x86_64-debian-clang 0.3.0 1.92 23.77 25.69 OK
r-devel-linux-x86_64-debian-gcc 0.3.0 1.55 19.79 21.34 OK
r-devel-linux-x86_64-fedora-clang 0.3.0 43.53 OK
r-devel-linux-x86_64-fedora-gcc 0.3.0 55.29 OK
r-devel-windows-x86_64 0.3.0 4.00 50.00 54.00 OK
r-patched-linux-x86_64 0.3.0 2.07 22.88 24.95 NOTE
r-release-linux-x86_64 0.3.0 1.72 22.80 24.52 NOTE
r-release-macos-arm64 0.3.0 24.00 NOTE
r-release-macos-x86_64 0.3.0 33.00 NOTE
r-release-windows-x86_64 0.3.0 3.00 48.00 51.00 NOTE
r-oldrel-macos-arm64 0.3.0 23.00 NOTE
r-oldrel-macos-x86_64 0.3.0 33.00 NOTE
r-oldrel-windows-x86_64 0.3.0 4.00 50.00 54.00 NOTE

Check Details

Version: 0.3.0
Check: LazyData
Result: NOTE 'LazyData' is specified without a 'data' directory Flavors: r-patched-linux-x86_64, r-release-linux-x86_64, r-release-macos-arm64, r-release-macos-x86_64, r-release-windows-x86_64, r-oldrel-macos-arm64, r-oldrel-macos-x86_64, r-oldrel-windows-x86_64