CRAN Package Check Results for Package randomForestExplainer

Last updated on 2025-01-19 05:49:18 CET.

Flavor Version Tinstall Tcheck Ttotal Status Flags
r-devel-linux-x86_64-debian-clang 0.10.1 6.21 221.96 228.17 OK
r-devel-linux-x86_64-debian-gcc 0.10.1 4.96 143.64 148.60 OK
r-devel-linux-x86_64-fedora-clang 0.10.1 368.86 OK
r-devel-linux-x86_64-fedora-gcc 0.10.1 384.96 OK
r-devel-windows-x86_64 0.10.1 8.00 203.00 211.00 OK
r-patched-linux-x86_64 0.10.1 6.15 203.63 209.78 NOTE
r-release-linux-x86_64 0.10.1 6.96 204.15 211.11 NOTE
r-release-macos-arm64 0.10.1 93.00 NOTE
r-release-macos-x86_64 0.10.1 171.00 NOTE
r-release-windows-x86_64 0.10.1 7.00 186.00 193.00 NOTE
r-oldrel-macos-arm64 0.10.1 103.00 NOTE
r-oldrel-macos-x86_64 0.10.1 180.00 NOTE
r-oldrel-windows-x86_64 0.10.1 11.00 251.00 262.00 NOTE

Check Details

Version: 0.10.1
Check: LazyData
Result: NOTE 'LazyData' is specified without a 'data' directory Flavors: r-patched-linux-x86_64, r-release-linux-x86_64, r-release-macos-arm64, r-release-macos-x86_64, r-release-windows-x86_64, r-oldrel-macos-arm64, r-oldrel-macos-x86_64, r-oldrel-windows-x86_64