CRAN Package Check Results for Package raptr

Last updated on 2020-06-03 12:49:18 CEST.

Flavor Version Tinstall Tcheck Ttotal Status Flags
r-devel-linux-x86_64-debian-clang 0.1.6 203.97 230.97 434.94 NOTE
r-devel-linux-x86_64-debian-gcc 0.1.6 153.71 174.12 327.83 NOTE
r-devel-linux-x86_64-fedora-clang 0.1.6 623.47 NOTE
r-devel-linux-x86_64-fedora-gcc 0.1.6 554.07 NOTE
r-devel-windows-ix86+x86_64 0.1.6 471.00 512.00 983.00 NOTE
r-patched-linux-x86_64 0.1.6 173.48 229.93 403.41 NOTE
r-patched-solaris-x86 0.1.6 769.20 NOTE
r-release-linux-x86_64 0.1.6 176.12 229.53 405.65 NOTE
r-release-osx-x86_64 0.1.6 NOTE
r-release-windows-ix86+x86_64 0.1.6 380.00 366.00 746.00 NOTE
r-oldrel-osx-x86_64 0.1.6 NOTE
r-oldrel-windows-ix86+x86_64 0.1.6 341.00 417.00 758.00 NOTE

Check Details

Version: 0.1.6
Check: package dependencies
Result: NOTE
    Package suggested but not available for checking: 'gurobi'
Flavors: r-devel-linux-x86_64-debian-clang, r-devel-linux-x86_64-debian-gcc, r-devel-linux-x86_64-fedora-clang, r-devel-linux-x86_64-fedora-gcc, r-devel-windows-ix86+x86_64, r-patched-linux-x86_64, r-patched-solaris-x86, r-release-linux-x86_64, r-release-osx-x86_64, r-release-windows-ix86+x86_64, r-oldrel-osx-x86_64, r-oldrel-windows-ix86+x86_64

Version: 0.1.6
Check: installed package size
Result: NOTE
     installed size is 18.8Mb
     sub-directories of 1Mb or more:
     data 3.6Mb
     doc 1.4Mb
     libs 13.1Mb
Flavors: r-devel-linux-x86_64-fedora-clang, r-devel-windows-ix86+x86_64, r-patched-solaris-x86, r-release-osx-x86_64, r-release-windows-ix86+x86_64, r-oldrel-osx-x86_64, r-oldrel-windows-ix86+x86_64