CRAN Package Check Results for Package rar

Last updated on 2025-01-19 05:49:18 CET.

Flavor Version Tinstall Tcheck Ttotal Status Flags
r-devel-linux-x86_64-debian-clang 0.0.3 47.38 42.85 90.23 OK
r-devel-linux-x86_64-debian-gcc 0.0.3 42.24 33.86 76.10 OK
r-devel-linux-x86_64-fedora-clang 0.0.3 174.57 OK
r-devel-linux-x86_64-fedora-gcc 0.0.3 187.82 OK
r-devel-windows-x86_64 0.0.3 61.00 81.00 142.00 OK
r-patched-linux-x86_64 0.0.3 57.45 42.06 99.51 OK
r-release-linux-x86_64 0.0.3 57.00 43.36 100.36 OK
r-release-macos-arm64 0.0.3 47.00 NOTE
r-release-macos-x86_64 0.0.3 56.00 NOTE
r-release-windows-x86_64 0.0.3 59.00 83.00 142.00 OK
r-oldrel-macos-arm64 0.0.3 50.00 NOTE
r-oldrel-macos-x86_64 0.0.3 71.00 NOTE
r-oldrel-windows-x86_64 0.0.3 71.00 94.00 165.00 OK

Additional issues

rchk

Check Details

Version: 0.0.3
Check: installed package size
Result: NOTE installed size is 8.9Mb sub-directories of 1Mb or more: libs 8.7Mb Flavors: r-release-macos-arm64, r-release-macos-x86_64, r-oldrel-macos-arm64, r-oldrel-macos-x86_64