CRAN Package Check Results for Package rasclass

Last updated on 2025-01-19 05:49:18 CET.

Flavor Version Tinstall Tcheck Ttotal Status Flags
r-devel-linux-x86_64-debian-clang 0.2.2 4.97 30.84 35.81 NOTE
r-devel-linux-x86_64-debian-gcc 0.2.2 3.24 23.44 26.68 NOTE
r-devel-linux-x86_64-fedora-clang 0.2.2 57.27 OK
r-devel-linux-x86_64-fedora-gcc 0.2.2 55.06 OK
r-devel-windows-x86_64 0.2.2 7.00 53.00 60.00 NOTE
r-patched-linux-x86_64 0.2.2 12.02 29.14 41.16 OK
r-release-linux-x86_64 0.2.2 4.17 28.85 33.02 OK
r-release-macos-arm64 0.2.2 22.00 OK
r-release-macos-x86_64 0.2.2 29.00 OK
r-release-windows-x86_64 0.2.2 7.00 56.00 63.00 OK
r-oldrel-macos-arm64 0.2.2 22.00 OK
r-oldrel-macos-x86_64 0.2.2 27.00 OK
r-oldrel-windows-x86_64 0.2.2 8.00 57.00 65.00 OK

Check Details

Version: 0.2.2
Check: Rd cross-references
Result: NOTE Found the following Rd file(s) with Rd \link{} targets missing package anchors: rasclass-class.Rd: randomForest, multinom, mlp, svm Please provide package anchors for all Rd \link{} targets not in the package itself and the base packages. Flavors: r-devel-linux-x86_64-debian-clang, r-devel-linux-x86_64-debian-gcc, r-devel-windows-x86_64