Last updated on 2025-01-19 05:49:18 CET.
Flavor | Version | Tinstall | Tcheck | Ttotal | Status | Flags |
---|---|---|---|---|---|---|
r-devel-linux-x86_64-debian-clang | 0.5.20 | 24.16 | 320.00 | 344.16 | NOTE | |
r-devel-linux-x86_64-debian-gcc | 0.5.20 | 19.40 | 203.63 | 223.03 | NOTE | |
r-devel-linux-x86_64-fedora-clang | 0.5.20 | 576.15 | NOTE | |||
r-devel-linux-x86_64-fedora-gcc | 0.5.20 | 543.91 | NOTE | |||
r-devel-windows-x86_64 | 0.5.20 | 26.00 | 257.00 | 283.00 | NOTE | |
r-patched-linux-x86_64 | 0.5.20 | 28.41 | 302.82 | 331.23 | NOTE | |
r-release-linux-x86_64 | 0.5.20 | 27.24 | 302.40 | 329.64 | NOTE | |
r-release-macos-arm64 | 0.5.20 | 121.00 | NOTE | |||
r-release-macos-x86_64 | 0.5.20 | 197.00 | NOTE | |||
r-release-windows-x86_64 | 0.5.20 | 27.00 | 242.00 | 269.00 | NOTE | |
r-oldrel-macos-arm64 | 0.5.20 | 125.00 | OK | |||
r-oldrel-macos-x86_64 | 0.5.20 | 320.00 | OK | |||
r-oldrel-windows-x86_64 | 0.5.20 | 36.00 | 335.00 | 371.00 | OK |
Version: 0.5.20
Check: Rd files
Result: NOTE
checkRd: (-1) RasterList-Package.Rd:20: Lost braces
20 | {\code{\link{rasterList}}}{: it is the constructor of a \code{\link{RasterList-class}} object from a generic \code{object}, it also transforms a \code{\link{RasterList-class}} into another one throungh a function argument. }
| ^
checkRd: (-1) RasterList-Package.Rd:22: Lost braces
22 | {\code{\link{rasterListFun}}}{: it is a function that constructs a particular \code{\link{RasterList-class}} object in which the objects are \code{function}-type. }
| ^
checkRd: (-1) RasterList-Package.Rd:24: Lost braces
24 | {\code{\link{RasterListApply}}}{: it is a function that allows to operate among two or more \code{\link{RasterList-class}} objects defined in the same spatial extent through a generic function \code{fun(x,y,...)} where \code{x} and \code{y} are each cell/element of two \code{\link{RasterList-class}} objects given as arguments \code{x} and \code{y} of \code{\link{RasterListApply}}.}
| ^
Flavors: r-devel-linux-x86_64-debian-clang, r-devel-linux-x86_64-debian-gcc, r-devel-linux-x86_64-fedora-clang, r-devel-linux-x86_64-fedora-gcc, r-devel-windows-x86_64, r-patched-linux-x86_64, r-release-linux-x86_64, r-release-macos-arm64, r-release-macos-x86_64, r-release-windows-x86_64
Version: 0.5.20
Check: Rd cross-references
Result: NOTE
Found the following Rd file(s) with Rd \link{} targets missing package
anchors:
RasterList-Package.Rd: RasterLayer-class, RasterStack-class
RasterList-class.Rd: RasterLayer-class, Raster-class
raster.Rd: RasterLayer-class
stack.Rd: RasterStack-class
Please provide package anchors for all Rd \link{} targets not in the
package itself and the base packages.
Flavors: r-devel-linux-x86_64-debian-clang, r-devel-linux-x86_64-debian-gcc, r-devel-windows-x86_64