CRAN Package Check Results for Package rasterpdf

Last updated on 2020-10-28 11:49:56 CET.

Flavor Version Tinstall Tcheck Ttotal Status Flags
r-devel-linux-x86_64-debian-clang 0.1.1 1.83 22.28 24.11 OK
r-devel-linux-x86_64-debian-gcc 0.1.1 1.57 17.58 19.15 OK
r-devel-linux-x86_64-fedora-clang 0.1.1 38.49 OK
r-devel-linux-x86_64-fedora-gcc 0.1.1 28.51 OK
r-devel-windows-ix86+x86_64 0.1.1 5.00 32.00 37.00 OK
r-patched-linux-x86_64 0.1.1 OK
r-patched-solaris-x86 0.1.1 47.60 NOTE
r-release-linux-x86_64 0.1.1 1.77 21.68 23.45 OK
r-release-macos-x86_64 0.1.1 OK
r-release-windows-ix86+x86_64 0.1.1 4.00 29.00 33.00 OK
r-oldrel-macos-x86_64 0.1.1 OK
r-oldrel-windows-ix86+x86_64 0.1.1 16.00 38.00 54.00 OK

Check Details

Version: 0.1.1
Check: package dependencies
Result: NOTE
    Packages suggested but not available for checking: 'pkgdown', 'ragg'
Flavor: r-patched-solaris-x86