Last updated on 2025-01-19 05:49:18 CET.
Flavor | Version | Tinstall | Tcheck | Ttotal | Status | Flags |
---|---|---|---|---|---|---|
r-devel-linux-x86_64-debian-clang | 1.1.0 | 84.57 | 104.98 | 189.55 | OK | |
r-devel-linux-x86_64-debian-gcc | 1.1.0 | 71.56 | 71.88 | 143.44 | OK | |
r-devel-linux-x86_64-fedora-clang | 1.1.0 | 346.82 | OK | |||
r-devel-linux-x86_64-fedora-gcc | 1.1.0 | 358.01 | OK | |||
r-devel-windows-x86_64 | 1.1.0 | 84.00 | 146.00 | 230.00 | OK | |
r-patched-linux-x86_64 | 1.1.0 | 93.15 | 97.50 | 190.65 | OK | |
r-release-linux-x86_64 | 1.1.0 | 101.62 | 96.72 | 198.34 | OK | |
r-release-macos-arm64 | 1.1.0 | 87.00 | NOTE | |||
r-release-macos-x86_64 | 1.1.0 | 219.00 | NOTE | |||
r-release-windows-x86_64 | 1.1.0 | 87.00 | 144.00 | 231.00 | OK | |
r-oldrel-macos-arm64 | 1.1.0 | 90.00 | NOTE | |||
r-oldrel-macos-x86_64 | 1.1.0 | 187.00 | NOTE | |||
r-oldrel-windows-x86_64 | 1.1.0 | 109.00 | 174.00 | 283.00 | OK |
Version: 1.1.0
Check: installed package size
Result: NOTE
installed size is 24.3Mb
sub-directories of 1Mb or more:
libs 23.6Mb
Flavors: r-release-macos-arm64, r-release-macos-x86_64, r-oldrel-macos-arm64, r-oldrel-macos-x86_64