Last updated on 2025-02-08 20:48:32 CET.
Flavor | Version | Tinstall | Tcheck | Ttotal | Status | Flags |
---|---|---|---|---|---|---|
r-devel-linux-x86_64-debian-clang | 0.5.3 | 4.60 | 38.01 | 42.61 | NOTE | |
r-devel-linux-x86_64-debian-gcc | 0.5.3 | 3.82 | 27.31 | 31.13 | NOTE | |
r-devel-linux-x86_64-fedora-clang | 0.5.3 | 73.45 | NOTE | |||
r-devel-linux-x86_64-fedora-gcc | 0.5.3 | 66.92 | NOTE | |||
r-devel-windows-x86_64 | 0.5.3 | 7.00 | 53.00 | 60.00 | NOTE | |
r-patched-linux-x86_64 | 0.5.3 | 4.97 | 34.38 | 39.35 | OK | |
r-release-linux-x86_64 | 0.5.3 | 4.85 | 34.16 | 39.01 | OK | |
r-release-macos-arm64 | 0.5.3 | 24.00 | OK | |||
r-release-macos-x86_64 | 0.5.3 | 34.00 | OK | |||
r-release-windows-x86_64 | 0.5.3 | 6.00 | 55.00 | 61.00 | OK | |
r-oldrel-macos-arm64 | 0.5.3 | 28.00 | OK | |||
r-oldrel-macos-x86_64 | 0.5.3 | 46.00 | OK | |||
r-oldrel-windows-x86_64 | 0.5.3 | 8.00 | 62.00 | 70.00 | OK |
Version: 0.5.3
Check: DESCRIPTION meta-information
Result: NOTE
Missing dependency on R >= 4.1.0 because package code uses the pipe
|> or function shorthand \(...) syntax added in R 4.1.0.
File(s) using such syntax:
‘render_model.R’
Flavors: r-devel-linux-x86_64-debian-clang, r-devel-linux-x86_64-debian-gcc, r-devel-linux-x86_64-fedora-clang, r-devel-linux-x86_64-fedora-gcc, r-devel-windows-x86_64