CRAN Package Check Results for Package rbi.helpers

Last updated on 2025-01-19 05:49:18 CET.

Flavor Version Tinstall Tcheck Ttotal Status Flags
r-devel-linux-x86_64-debian-clang 0.4.0 9.83 80.71 90.54 NOTE
r-devel-linux-x86_64-debian-gcc 0.4.0 5.63 58.17 63.80 NOTE
r-devel-linux-x86_64-fedora-clang 0.4.0 145.80 OK
r-devel-linux-x86_64-fedora-gcc 0.4.0 149.22 OK
r-devel-windows-x86_64 0.4.0 11.00 89.00 100.00 NOTE
r-patched-linux-x86_64 0.4.0 13.63 74.83 88.46 OK
r-release-linux-x86_64 0.4.0 8.46 73.57 82.03 OK
r-release-macos-arm64 0.4.0 46.00 OK
r-release-macos-x86_64 0.4.0 74.00 OK
r-release-windows-x86_64 0.4.0 11.00 84.00 95.00 OK
r-oldrel-macos-arm64 0.4.0 45.00 OK
r-oldrel-macos-x86_64 0.4.0 101.00 OK
r-oldrel-windows-x86_64 0.4.0 12.00 102.00 114.00 OK

Check Details

Version: 0.4.0
Check: Rd cross-references
Result: NOTE Found the following Rd file(s) with Rd \link{} targets missing package anchors: acceptance_rate.Rd: libbi, get_traces adapt_particles.Rd: libbi adapt_proposal.Rd: libbi get_mvn_params.Rd: libbi numeric_to_time.Rd: libbi update_proposal.Rd: bi_model Please provide package anchors for all Rd \link{} targets not in the package itself and the base packages. Flavors: r-devel-linux-x86_64-debian-clang, r-devel-linux-x86_64-debian-gcc, r-devel-windows-x86_64