Last updated on 2025-01-19 05:49:18 CET.
Flavor | Version | Tinstall | Tcheck | Ttotal | Status | Flags |
---|---|---|---|---|---|---|
r-devel-linux-x86_64-debian-clang | 2.0.7 | 57.36 | 251.60 | 308.96 | OK | |
r-devel-linux-x86_64-debian-gcc | 2.0.7 | 36.75 | 168.84 | 205.59 | OK | |
r-devel-linux-x86_64-fedora-clang | 2.0.7 | 553.89 | OK | |||
r-devel-linux-x86_64-fedora-gcc | 2.0.7 | 518.07 | OK | |||
r-devel-windows-x86_64 | 2.0.7 | 57.00 | 284.00 | 341.00 | OK | |
r-patched-linux-x86_64 | 2.0.7 | 57.71 | 231.15 | 288.86 | OK | |
r-release-linux-x86_64 | 2.0.7 | 56.02 | 234.91 | 290.93 | OK | |
r-release-macos-arm64 | 2.0.7 | 102.00 | NOTE | |||
r-release-macos-x86_64 | 2.0.7 | 142.00 | NOTE | |||
r-release-windows-x86_64 | 2.0.7 | 61.00 | 264.00 | 325.00 | OK | |
r-oldrel-macos-arm64 | 2.0.7 | 88.00 | NOTE | |||
r-oldrel-macos-x86_64 | 2.0.7 | 208.00 | NOTE | |||
r-oldrel-windows-x86_64 | 2.0.7 | 56.00 | 293.00 | 349.00 | OK |
Version: 2.0.7
Check: installed package size
Result: NOTE
installed size is 6.9Mb
sub-directories of 1Mb or more:
libs 5.2Mb
Flavors: r-release-macos-arm64, r-release-macos-x86_64, r-oldrel-macos-arm64, r-oldrel-macos-x86_64