CRAN Package Check Results for Package rbridge

Last updated on 2025-01-19 05:49:18 CET.

Flavor Version Tinstall Tcheck Ttotal Status Flags
r-devel-linux-x86_64-debian-clang 1.0.2 28.46 58.81 87.27 NOTE
r-devel-linux-x86_64-debian-gcc 1.0.2 21.12 43.79 64.91 NOTE
r-devel-linux-x86_64-fedora-clang 1.0.2 151.02 NOTE
r-devel-linux-x86_64-fedora-gcc 1.0.2 153.17 NOTE
r-devel-windows-x86_64 1.0.2 34.00 93.00 127.00 NOTE
r-patched-linux-x86_64 1.0.2 30.59 55.19 85.78 NOTE
r-release-linux-x86_64 1.0.2 31.70 54.89 86.59 NOTE
r-release-macos-arm64 1.0.2 41.00 NOTE
r-release-macos-x86_64 1.0.2 70.00 NOTE
r-release-windows-x86_64 1.0.2 33.00 92.00 125.00 NOTE
r-oldrel-macos-arm64 1.0.2 49.00 NOTE
r-oldrel-macos-x86_64 1.0.2 78.00 NOTE
r-oldrel-windows-x86_64 1.0.2 39.00 109.00 148.00 NOTE

Check Details

Version: 1.0.2
Check: C++ specification
Result: NOTE Specified C++11: please drop specification unless essential Flavors: r-devel-linux-x86_64-debian-clang, r-devel-linux-x86_64-debian-gcc, r-devel-linux-x86_64-fedora-clang, r-devel-linux-x86_64-fedora-gcc, r-devel-windows-x86_64, r-patched-linux-x86_64, r-release-linux-x86_64, r-release-macos-arm64, r-release-macos-x86_64, r-release-windows-x86_64, r-oldrel-macos-arm64, r-oldrel-macos-x86_64, r-oldrel-windows-x86_64

Version: 1.0.2
Check: dependencies in R code
Result: NOTE Namespace in Imports field not imported from: ‘dplyr’ All declared Imports should be used. Flavors: r-devel-linux-x86_64-fedora-clang, r-devel-linux-x86_64-fedora-gcc