CRAN Package Check Results for Package rcbalance

Last updated on 2025-01-19 05:49:18 CET.

Flavor Version Tinstall Tcheck Ttotal Status Flags
r-devel-linux-x86_64-debian-clang 1.8.8 3.23 30.05 33.28 OK
r-devel-linux-x86_64-debian-gcc 1.8.8 2.07 22.55 24.62 OK
r-devel-linux-x86_64-fedora-clang 1.8.8 55.69 OK
r-devel-linux-x86_64-fedora-gcc 1.8.8 53.36 OK
r-devel-windows-x86_64 1.8.8 5.00 56.00 61.00 OK
r-patched-linux-x86_64 1.8.8 3.24 28.44 31.68 NOTE
r-release-linux-x86_64 1.8.8 3.13 28.40 31.53 NOTE
r-release-macos-arm64 1.8.8 21.00 NOTE
r-release-macos-x86_64 1.8.8 31.00 NOTE
r-release-windows-x86_64 1.8.8 4.00 55.00 59.00 NOTE
r-oldrel-macos-arm64 1.8.8 21.00 NOTE
r-oldrel-macos-x86_64 1.8.8 29.00 NOTE
r-oldrel-windows-x86_64 1.8.8 5.00 57.00 62.00 NOTE

Check Details

Version: 1.8.8
Check: package dependencies
Result: NOTE Package suggested but not available for checking: ‘rrelaxiv’ Flavors: r-patched-linux-x86_64, r-release-linux-x86_64, r-release-macos-arm64, r-release-macos-x86_64, r-release-windows-x86_64, r-oldrel-macos-arm64, r-oldrel-macos-x86_64, r-oldrel-windows-x86_64