CRAN Package Check Results for Package rchemo

Last updated on 2025-01-19 05:49:18 CET.

Flavor Version Tinstall Tcheck Ttotal Status Flags
r-devel-linux-x86_64-debian-clang 0.1-3 19.59 110.37 129.96 OK
r-devel-linux-x86_64-debian-gcc 0.1-3 10.69 65.89 76.58 OK
r-devel-linux-x86_64-fedora-clang 0.1-3 207.82 OK
r-devel-linux-x86_64-fedora-gcc 0.1-3 198.92 OK
r-devel-windows-x86_64 0.1-3 20.00 130.00 150.00 OK
r-patched-linux-x86_64 0.1-3 20.52 102.75 123.27 OK
r-release-linux-x86_64 0.1-3 18.65 103.80 122.45 OK
r-release-macos-arm64 0.1-3 49.00 NOTE
r-release-macos-x86_64 0.1-3 124.00 NOTE
r-release-windows-x86_64 0.1-3 17.00 127.00 144.00 NOTE
r-oldrel-macos-arm64 0.1-3 58.00 NOTE
r-oldrel-macos-x86_64 0.1-3 113.00 NOTE
r-oldrel-windows-x86_64 0.1-3 21.00 150.00 171.00 NOTE

Check Details

Version: 0.1-3
Check: installed package size
Result: NOTE installed size is 5.2Mb sub-directories of 1Mb or more: data 4.2Mb Flavors: r-release-macos-arm64, r-release-macos-x86_64, r-release-windows-x86_64, r-oldrel-macos-arm64, r-oldrel-macos-x86_64, r-oldrel-windows-x86_64