Last updated on 2025-01-19 05:49:18 CET.
Flavor | Version | Tinstall | Tcheck | Ttotal | Status | Flags |
---|---|---|---|---|---|---|
r-devel-linux-x86_64-debian-clang | 2.4.36 | 16.77 | 135.54 | 152.31 | NOTE | |
r-devel-linux-x86_64-debian-gcc | 2.4.36 | 11.74 | 90.88 | 102.62 | NOTE | |
r-devel-linux-x86_64-fedora-clang | 2.4.36 | 268.10 | OK | |||
r-devel-linux-x86_64-fedora-gcc | 2.4.36 | 231.74 | OK | |||
r-devel-windows-x86_64 | 2.4.36 | 17.00 | 162.00 | 179.00 | NOTE | |
r-patched-linux-x86_64 | 2.4.36 | 18.39 | 127.45 | 145.84 | OK | |
r-release-linux-x86_64 | 2.4.36 | 17.93 | 129.49 | 147.42 | OK | |
r-release-macos-arm64 | 2.4.36 | 61.00 | OK | |||
r-release-macos-x86_64 | 2.4.36 | 92.00 | OK | |||
r-release-windows-x86_64 | 2.4.36 | 17.00 | 166.00 | 183.00 | OK | |
r-oldrel-macos-arm64 | 2.4.36 | 66.00 | OK | |||
r-oldrel-macos-x86_64 | 2.4.36 | 134.00 | OK | |||
r-oldrel-windows-x86_64 | 2.4.36 | 24.00 | 191.00 | 215.00 | OK |
Version: 2.4.36
Check: Rd cross-references
Result: NOTE
Found the following Rd file(s) with Rd \link{} targets missing package
anchors:
groupwiseMean.Rd: boot.ci
groupwisePercentile.Rd: boot.ci
Please provide package anchors for all Rd \link{} targets not in the
package itself and the base packages.
Flavors: r-devel-linux-x86_64-debian-clang, r-devel-linux-x86_64-debian-gcc, r-devel-windows-x86_64