CRAN Package Check Results for Package rcorpora

Last updated on 2025-01-19 05:49:18 CET.

Flavor Version Tinstall Tcheck Ttotal Status Flags
r-devel-linux-x86_64-debian-clang 2.0.1 4.08 21.27 25.35 OK
r-devel-linux-x86_64-debian-gcc 2.0.1 3.34 16.75 20.09 OK
r-devel-linux-x86_64-fedora-clang 2.0.1 40.12 OK
r-devel-linux-x86_64-fedora-gcc 2.0.1 39.34 OK
r-devel-windows-x86_64 2.0.1 6.00 45.00 51.00 OK
r-patched-linux-x86_64 2.0.1 4.44 20.21 24.65 OK
r-release-linux-x86_64 2.0.1 3.49 19.89 23.38 OK
r-release-macos-arm64 2.0.1 29.00 NOTE
r-release-macos-x86_64 2.0.1 43.00 NOTE
r-release-windows-x86_64 2.0.1 9.00 46.00 55.00 NOTE
r-oldrel-macos-arm64 2.0.1 22.00 NOTE
r-oldrel-macos-x86_64 2.0.1 46.00 NOTE
r-oldrel-windows-x86_64 2.0.1 7.00 45.00 52.00 NOTE

Check Details

Version: 2.0.1
Check: installed package size
Result: NOTE installed size is 7.6Mb sub-directories of 1Mb or more: corpora 7.5Mb Flavors: r-release-macos-arm64, r-release-macos-x86_64, r-release-windows-x86_64, r-oldrel-macos-arm64, r-oldrel-macos-x86_64, r-oldrel-windows-x86_64