CRAN Package Check Results for Package rdbnomics

Last updated on 2025-01-19 05:49:18 CET.

Flavor Version Tinstall Tcheck Ttotal Status Flags
r-devel-linux-x86_64-debian-clang 0.6.4 4.84 64.41 69.25 OK
r-devel-linux-x86_64-debian-gcc 0.6.4 3.37 51.19 54.56 OK
r-devel-linux-x86_64-fedora-clang 0.6.4 117.06 OK
r-devel-linux-x86_64-fedora-gcc 0.6.4 127.90 OK
r-devel-windows-x86_64 0.6.4 6.00 90.00 96.00 OK
r-patched-linux-x86_64 0.6.4 5.37 62.74 68.11 NOTE
r-release-linux-x86_64 0.6.4 4.77 64.36 69.13 NOTE
r-release-macos-arm64 0.6.4 57.00 NOTE
r-release-macos-x86_64 0.6.4 59.00 NOTE
r-release-windows-x86_64 0.6.4 6.00 90.00 96.00 NOTE
r-oldrel-macos-arm64 0.6.4 39.00 NOTE
r-oldrel-macos-x86_64 0.6.4 51.00 NOTE
r-oldrel-windows-x86_64 0.6.4 8.00 92.00 100.00 NOTE

Check Details

Version: 0.6.4
Check: LazyData
Result: NOTE 'LazyData' is specified without a 'data' directory Flavors: r-patched-linux-x86_64, r-release-linux-x86_64, r-release-macos-arm64, r-release-macos-x86_64, r-release-windows-x86_64, r-oldrel-macos-arm64, r-oldrel-macos-x86_64, r-oldrel-windows-x86_64